t is the tens digit of v?
1
Let q = -12 - -16. Suppose -52 = -q*u - n + 2*n, -5*u + 74 = n. What is the units digit of u?
4
What is the tens digit of (-472)/(-7) - 24/56?
6
Let k be 23 - (4 + (-6)/2). Let o = k - 18. What is the units digit of o?
4
Suppose -3*k - 50 + 251 = 0. What is the units digit of k?
7
Suppose 3*a - 3 = 2*g - 0, -5*g + 4*a + 3 = 0. What is the units digit of g?
3
Let j be 234/(-18) - (1 - 4). What is the tens digit of 24*1/(-8)*j?
3
Let f = 5 + -5. Suppose f = 4*u - 14 + 6. Suppose -u*k = 3*k - 50. What is the tens digit of k?
1
What is the units digit of (-1 - -4)*62/6?
1
Let b(i) = 17*i + 13. What is the units digit of b(4)?
1
Let o = 14 + 50. What is the tens digit of o?
6
Suppose -3*k + 84 = -3*n, 2*k = 3*n + 6*k + 84. Let b = n - -53. What is the tens digit of b?
2
Let h(n) = 2*n - 7. Let j be h(7). Suppose 5 = 4*w - j. What is the units digit of w?
3
Suppose -z = 2*p + 1, 0 + 4 = p - 4*z. Let l = 2 + p. What is the units digit of l?
2
Suppose -3*z + 0*y + 3*y + 15 = 0, -4*z + y + 17 = 0. Let j = -3 + 5. Suppose -4*h + z*g = j*g - 38, -4*g - 20 = 0. What is the units digit of h?
7
Suppose 5*s - 15 = 2*n + 2, 9 = 2*s - 3*n. What is the units digit of (-6)/4*(-34)/s?
7
Suppose -205 = -5*n + 4*g, -5*n + 5*g + 0*g + 210 = 0. Let l = -8 + n. What is the tens digit of l?
2
Let t = -139 - -211. What is the tens digit of t?
7
Let r = -4 - 0. What is the units digit of ((-20)/6)/(r/6)?
5
Let j(a) = 2*a - 6. Let t be j(7). Suppose -2*r = -14 + t. What is the units digit of r?
3
Let f be 4/(1*(-2)/(-24)). Suppose -5*a + 0*x + 149 = 4*x, 2*a = 2*x + 74. Let i = f - a. What is the units digit of i?
5
Let l(b) = -b**2 + 19. Suppose 0 = -4*n + n. Let d be l(n). Suppose 11 + d = 2*u. What is the tens digit of u?
1
Let a be 2*(-1 - 0)/(-1). Let o = a + 4. What is the units digit of o?
6
What is the units digit of (-7 - -3)*-30 + 1/1?
1
Suppose -15*j = -16*j + 6. What is the units digit of j?
6
Suppose 0 = 7*r - 3*r - n - 21, 2 = r + 3*n. Suppose -3*p = -4*p + 4*w - 14, -4*p = -r*w + 12. What is the units digit of p?
2
Suppose -3*v - 8 = -v, 3*v - 333 = 3*o. Let y = -78 - o. What is the tens digit of y?
3
Let u(o) be the second derivative of o**5/60 + 13*o**4/24 + 19*o**3/6 + o**2 - 4*o. Let z(n) be the first derivative of u(n). What is the tens digit of z(-13)?
1
Let r(n) = -2*n - 8. Let p(m) = -m**2 - m. Let a be (-1 - -3)/(4/(-6)). Let o be p(a). What is the units digit of r(o)?
4
Let l(d) = -d**3 - 5*d**2 + 2. Let a be l(-5). What is the tens digit of (-4 - -6)*a*5?
2
What is the units digit of ((-24)/10)/((-4)/120)?
2
Let h(g) = 2*g - 12. Let f be h(8). Suppose -f*j - 3*b + b = 8, -20 = 4*j + 5*b. Suppose 3*i = -j + 30. What is the tens digit of i?
1
Suppose 0*h = -2*d + 5*h - 21, h - 33 = 2*d. What is the units digit of 4/d - (-114)/27?
4
Let m = -5 - -8. Let p be ((-10)/3)/((-2)/12). Suppose 0 = -m*j - j + p. What is the units digit of j?
5
Let d(l) = -l - 4. Let o be d(-4). Suppose 3*b - 5*b + 30 = o. What is the tens digit of b?
1
Suppose 0 = 4*c + 2*i - 2, 6*i - 16 = c + i. Let w be (-1)/(-2) - 6/12. Let s = w - c. What is the units digit of s?
1
Let t = -23 + 28. What is the units digit of t?
5
Let z be (-8 + 1)*1/(-1). Suppose -f - 2 = -z. Let t(y) = -y**2 + 8*y - 5. What is the units digit of t(f)?
0
Let b(w) = 4*w**2 + w - 4. Let l be b(-3). Let o = l + -17. Let u = o + -8. What is the units digit of u?
4
Suppose 5*u + b = -4*b + 30, 5*b = 2*u + 16. Suppose u*v = -2*v. Let k = v - -2. What is the units digit of k?
2
Let u(n) = 2*n**3 - 4*n**2 + n + 4. Let h be u(3). Suppose v = 3*v - 2*a - 12, -4*a = 3*v - h. What is the units digit of v?
7
Let h(i) = -2*i + 3. Let k be h(3). Suppose 2*t + 2*t - 112 = 4*q, 0 = -2*q - 10. What is the tens digit of 1 + (t - 2) + k?
1
Let l(d) = -27*d**3 - d**2 - d. Let y be l(-1). Suppose -5*f - 4*v + y = 0, -4*f + 22 = 2*v + v. What is the units digit of f?
7
Let x(p) = -2*p - 1. What is the tens digit of x(-7)?
1
Let x = -24 - -121. What is the units digit of x?
7
Let z(s) = -7*s**2 + 2*s**3 + 2*s - 2*s**2 - s**3 - 8. What is the units digit of z(9)?
0
Suppose -3*d = -2*g - 171, -5*d + 189 = -2*g - 96. What is the tens digit of d?
5
Suppose -6*j + 3*j + 129 = 0. What is the units digit of j?
3
Let h(a) = a**2 + 0 - 3 - 8*a + 5. What is the units digit of h(8)?
2
Let l = 194 + -118. What is the units digit of l?
6
Suppose -7 = -4*a + 1, 0 = -4*w + 5*a + 814. What is the units digit of w?
6
Let m be 663/13 - 2*-1. Suppose 0 = j + r - 0*r - m, -4*j - 2*r + 208 = 0. What is the tens digit of j?
5
Suppose -3*t = 2*o - 34, -4*t + 27 + 25 = o. Suppose 0 = 4*c - 3*c - t. What is the tens digit of c?
1
Suppose 2*r = 88 + 4. What is the units digit of r?
6
Suppose x = -3*x + 112. What is the units digit of 4/(-14) + 176/x?
6
Let o(c) = -c**3 + 5*c**2 - 2*c - 4. Let f be o(4). Suppose 30 = -f*j + 70. What is the tens digit of j?
1
Let g(j) = j**2 + j + 6. What is the units digit of g(7)?
2
Let x = -8 - 7. Let g = 22 + x. What is the units digit of g?
7
Let g = -108 - -158. What is the units digit of g?
0
Let d = -159 + 230. What is the units digit of d?
1
Suppose 0 = -0*n - n + 54. Suppose 0 = 4*q + 2*q - n. What is the units digit of q?
9
Suppose 0*n = -3*l - 4*n + 259, n - 341 = -4*l. What is the tens digit of l?
8
Let m(g) = -g**3 - g + 1. Let a(u) = -5*u**3 + 11*u**2 - 3*u + 13. Let f(t) = a(t) - 4*m(t). What is the units digit of f(11)?
0
Suppose -4*x + 9*x - 100 = 0. Suppose -2*v + 3*z + x = 0, -v + 3*z = -3 - 1. What is the tens digit of v?
1
Let h(l) = -l**3 - 6*l**2 + 5*l - 10. Let s be h(-7). Suppose -s*q = q - 165. What is the units digit of q?
3
Let u(n) = n**2 - 3*n. Let y be u(3). Suppose 2*s - 20 = -y. What is the tens digit of s?
1
What is the units digit of (-1)/((-8)/(-12) + -1)?
3
Suppose -3*m + 148 = -0*m + 5*f, 4 = -4*f. What is the units digit of m?
1
Let o(z) = z**2 + z - 7. Let q = 9 - 4. Suppose -q*n - 11 - 14 = 0. What is the units digit of o(n)?
3
What is the tens digit of (-2408)/(-35) - 1/(-5)?
6
Suppose 2*x = 8, 0*u = 4*u - 3*x - 144. What is the tens digit of u?
3
Let o(h) = -h**3 + 6*h**2 - 5*h + 2. Suppose 4*g + 0 = -a + 8, 0 = 4*a - 4*g + 8. Let v be 7 + (-1 - (1 - a)). What is the units digit of o(v)?
2
What is the tens digit of -4 + 370*(-3 + 28/8)?
8
Let v be (10 - -5)*2/3. Suppose v = 2*f - 0*f. Suppose 0 = -5*x - f*m + 65, -2*x + x + 5*m + 19 = 0. What is the tens digit of x?
1
Suppose -4*t = -y - 6, 0 + 2 = 3*y - 2*t. What is the units digit of -3 + y + 26 + 1?
6
Let l(d) = -6*d**3 + 3*d**2 + 4*d + 9. Let t(u) = -5*u**3 + 2*u**2 + 3*u + 8. Let a(q) = 6*l(q) - 7*t(q). What is the tens digit of a(4)?
1
Let u(d) = d**2 + d + 9. Let o be u(0). Let t(w) = -w + 13. What is the units digit of t(o)?
4
Let f be -15*(-3 - 48/(-20)). What is the units digit of (f + -2)*(1 + 0)?
7
Let r(k) = 2*k**2 - 9*k - 30. What is the units digit of r(9)?
1
Let n be 4/8 - 30/(-4). Let j be 20/(-9) - n/(-36). Let i = j + 13. What is the units digit of i?
1
Suppose 0 = 3*t + 2*t - 400. What is the units digit of t?
0
Suppose -3*a = -2*a - 31. Let o = a - 13. What is the units digit of o?
8
Let a = -11 + 15. Let d be -2 - (0 - a) - -2. Let s(p) = -p**3 + 5*p**2 - 2*p - 2. What is the units digit of s(d)?
6
Suppose -7*p = -3*p - 44. Let k = -2 + p. What is the units digit of k?
9
Let j(p) be the second derivative of -p**3/3 + 7*p**2/2 + p. Let g be 2 + -2*(0 - -4). What is the units digit of j(g)?
9
Let f = 24 - 19. What is the units digit of f?
5
Let h(k) = k**2 - 3*k. Suppose -4*n - 6 = -2*n. What is the tens digit of h(n)?
1
Suppose -11 = 4*q + 13. Let s(g) = -g**3 - 7*g**2 - 6*g + 2. Let h be s(q). What is the units digit of (-2)/(-3) - h/(-6)?
1
Suppose -5*j - 20 - 70 = 0. Let r be 6*-3*3/j. Suppose -3*f = 2*f + 2*a - 12, -24 = -r*f + 3*a. What is the units digit of f?
4
Let x(p) = -1 + 8*p**3 + p**3 + 18*p**3. What is the units digit of x(1)?
6
Suppose 61 = -4*q + 3*h, -4*q - 81 = h - 0*h. Suppose -5*c + 67 + 78 = 0. Let l = q + c. What is the tens digit of l?
1
Let z(v) = -2*v - 2. Let f be z(-3). What is the units digit of ((-2)/f)/(2/(-24))?
6
Let c = 4 + 39. What is the tens digit of c?
4
Let v be (-20)/(-10)*(-1)/1. What is the tens digit of 27 - 6 - (0 + v)?
2
Let v = 8